{"id":43973,"date":"2026-09-04T16:53:54","date_gmt":"2026-09-04T14:53:54","guid":{"rendered":"https:\/\/www.brevannes.be\/?post_type=product&#038;p=43973"},"modified":"2026-09-04T16:53:59","modified_gmt":"2026-09-04T14:53:59","slug":"pedicurie-oncologie-09-01-2027","status":"publish","type":"product","link":"https:\/\/www.brevannes.be\/nl\/product\/pedicurie-oncologie-09-01-2027\/","title":{"rendered":"P\u00c9DICURIE &#038; ONCOLOGIE 09\/01\/2027"},"content":{"rendered":"","protected":false},"excerpt":{"rendered":"<p>Cette formation a pour objectif de mieux comprendre les r\u00e9percussions du cancer et de ses traitements sur la peau et les ongles, afin d\u2019adapter la prise en charge en p\u00e9dicurie de mani\u00e8re s\u00e9curitaire et confortable pour le patient.<\/p>\n<p>Nous aborderons tout d\u2019abord les diff\u00e9rents types de cancers ainsi que les principaux traitements utilis\u00e9s en oncologie : chimioth\u00e9rapie, radioth\u00e9rapie, th\u00e9rapies cibl\u00e9es, immunoth\u00e9rapie\u2026 et leurs cons\u00e9quences possibles au niveau cutan\u00e9 et ungu\u00e9al.<\/p>\n<p>Une attention particuli\u00e8re sera port\u00e9e aux effets ind\u00e9sirables fr\u00e9quemment rencontr\u00e9s au niveau des pieds :<\/p>\n<ul>\n<li>les troubles ungu\u00e9aux et modifications de la tablette ungu\u00e9ale ;<\/li>\n<li>l\u2019onycholyse ;<\/li>\n<li>les paronychies et atteintes p\u00e9ri-ungu\u00e9ales ;<\/li>\n<li>les diff\u00e9rents troubles cutan\u00e9s li\u00e9s aux traitements ;<\/li>\n<li>le syndrome main-pied ;<\/li>\n<li>la s\u00e9cheresse, les fissures, hyperk\u00e9ratoses et sensibilit\u00e9s cutan\u00e9es.<\/li>\n<\/ul>\n<p>Nous verrons \u00e9galement comment adapter le soin de p\u00e9dicurie au patient oncologique : pr\u00e9cautions \u00e0 prendre, gestes \u00e0 privil\u00e9gier ou \u00e0 \u00e9viter, pr\u00e9vention des complications, conseils \u00e0 apporter au patient et situations n\u00e9cessitant une orientation vers le m\u00e9decin ou l\u2019\u00e9quipe d\u2019oncologie.<\/p>\n<p>L&#8217;objectif est de permettre au professionnel de proposer un soin adapt\u00e9, s\u00e9curitaire et bienveillant tout en participant au maintien du confort et de la qualit\u00e9 de vie du patient pendant son parcours oncologique.<\/p>\n<p>&nbsp;<\/p>\n<p>&nbsp;<\/p>\n","protected":false},"featured_media":43974,"template":"","meta":[],"product_brand":[],"product_cat":[133],"product_tag":[],"class_list":{"0":"post-43973","1":"product","2":"type-product","3":"status-publish","4":"has-post-thumbnail","6":"product_cat-formations","7":"wcmo-protected-item wcmo-protected-product","9":"first","10":"instock","11":"virtual","12":"taxable","13":"product-type-simple"},"_links":{"self":[{"href":"https:\/\/www.brevannes.be\/nl\/wp-json\/wp\/v2\/product\/43973","targetHints":{"allow":["GET"]}}],"collection":[{"href":"https:\/\/www.brevannes.be\/nl\/wp-json\/wp\/v2\/product"}],"about":[{"href":"https:\/\/www.brevannes.be\/nl\/wp-json\/wp\/v2\/types\/product"}],"wp:featuredmedia":[{"embeddable":true,"href":"https:\/\/www.brevannes.be\/nl\/wp-json\/wp\/v2\/media\/43974"}],"wp:attachment":[{"href":"https:\/\/www.brevannes.be\/nl\/wp-json\/wp\/v2\/media?parent=43973"}],"wp:term":[{"taxonomy":"product_brand","embeddable":true,"href":"https:\/\/www.brevannes.be\/nl\/wp-json\/wp\/v2\/product_brand?post=43973"},{"taxonomy":"product_cat","embeddable":true,"href":"https:\/\/www.brevannes.be\/nl\/wp-json\/wp\/v2\/product_cat?post=43973"},{"taxonomy":"product_tag","embeddable":true,"href":"https:\/\/www.brevannes.be\/nl\/wp-json\/wp\/v2\/product_tag?post=43973"}],"curies":[{"name":"wp","href":"https:\/\/api.w.org\/{rel}","templated":true}]}}

PÉDICURIE &#038; ONCOLOGIE 09/01/2027

<p>Cette formation a pour objectif de mieux comprendre les répercussions du cancer et de ses traitements sur la peau et les ongles, afin d’adapter la prise en charge en pédicurie de manière sécuritaire et confortable pour le patient.</p>
<p>Nous aborderons tout d’abord les différents types de cancers ainsi que les principaux traitements utilisés en oncologie : chimiothérapie, radiothérapie, thérapies ciblées, immunothérapie… et leurs conséquences possibles au niveau cutané et unguéal.</p>
<p>Une attention particulière sera portée aux effets indésirables fréquemment rencontrés au niveau des pieds :</p>
<ul>
<li>les troubles unguéaux et modifications de la tablette unguéale ;</li>
<li>l’onycholyse ;</li>
<li>les paronychies et atteintes péri-unguéales ;</li>
<li>les différents troubles cutanés liés aux traitements ;</li>
<li>le syndrome main-pied ;</li>
<li>la sécheresse, les fissures, hyperkératoses et sensibilités cutanées.</li>
</ul>
<p>Nous verrons également comment adapter le soin de pédicurie au patient oncologique : précautions à prendre, gestes à privilégier ou à éviter, prévention des complications, conseils à apporter au patient et situations nécessitant une orientation vers le médecin ou l’équipe d’oncologie.</p>
<p>L&#8217;objectif est de permettre au professionnel de proposer un soin adapté, sécuritaire et bienveillant tout en participant au maintien du confort et de la qualité de vie du patient pendant son parcours oncologique.</p>
<p>&nbsp;</p>
<p>&nbsp;</p>
